{"id":721,"date":"2026-04-16T12:08:19","date_gmt":"2026-04-16T12:08:19","guid":{"rendered":"https:\/\/jostedal-industrier.no\/?page_id=721"},"modified":"2026-04-22T09:40:51","modified_gmt":"2026-04-22T09:40:51","slug":"ji-5150-gyn-urologi","status":"publish","type":"page","link":"https:\/\/jostedal-industrier.no\/?page_id=721","title":{"rendered":"JI-5150 Gyn\/Urologi"},"content":{"rendered":"\n<div class=\"wp-block-columns is-layout-flex wp-container-core-columns-is-layout-9d6595d7 wp-block-columns-is-layout-flex\">\n<div class=\"wp-block-column is-layout-flow wp-block-column-is-layout-flow\">\n<p><mark style=\"background-color:rgba(0, 0, 0, 0)\" class=\"has-inline-color has-black-color\">Operasjonsbordet er spesielt konstruert for bruk ved gynekologiske og urologiske operasjonar. Det som s\u00e6rmerkjer bordet, er at pasienten ligg i vanleg flatt leie. Deretter blir pasienten sine bein plasserte i beinhaldarane. Beinplata blir s\u00e5 senka og skyvd inn under ryggplata.<\/mark><\/p>\n\n\n\n<p><mark style=\"background-color:rgba(0, 0, 0, 0)\" class=\"has-inline-color has-black-color\">Dette er sv\u00e6rt arbeidsbesparande for personalet, som slepp \u00e5 l\u00f8fte dei vanlegvis tunge beinplatene av bordet. Ryggdelen av bordet kan \u00f2g forskyvast i h\u00f8ve til sokkelen med 425 mm, noko som gjer det mogleg \u00e5 gjennomlyse pasienten i beinhaldarstilling.<\/mark><\/p>\n\n\n\n<p><mark style=\"background-color:rgba(0, 0, 0, 0)\" class=\"has-inline-color has-black-color\">Bordet har \u00f2g regulerbar ryggdel ved hjelp av gassfj\u00f8rer.<\/mark><\/p>\n\n\n\n<p><mark style=\"background-color:rgba(0, 0, 0, 0)\" class=\"has-inline-color has-black-color\">Operasjonsbordet blir drive elektrisk ved hjelp av eit 24 V batteri, og kan justerast elektrisk til f\u00f8lgjande posisjonar:<\/mark><\/p>\n\n\n\n<ul class=\"wp-block-list\">\n<li><mark style=\"background-color:rgba(0, 0, 0, 0)\" class=\"has-inline-color has-black-color\">Opp \/ ned<\/mark><\/li>\n\n\n\n<li><mark style=\"background-color:rgba(0, 0, 0, 0)\" class=\"has-inline-color has-black-color\">Trendelenburg \/ anti-Trendelenburg<\/mark><\/li>\n\n\n\n<li><mark style=\"background-color:rgba(0, 0, 0, 0)\" class=\"has-inline-color has-black-color\">Sideleie (opsjon)<\/mark><\/li>\n\n\n\n<li><mark style=\"background-color:rgba(0, 0, 0, 0)\" class=\"has-inline-color has-black-color\">Nullstilling av bordet<\/mark><\/li>\n\n\n\n<li><mark style=\"background-color:rgba(0, 0, 0, 0)\" class=\"has-inline-color has-black-color\">Program (minnefunksjon)<\/mark><\/li>\n<\/ul>\n\n\n\n<p><mark style=\"background-color:rgba(0, 0, 0, 0)\" class=\"has-inline-color has-black-color\">Dette blir styrt ved hjelp av fot- eller handbrytar. Bordet blir levert med store hjul, noko som gjer det enkelt \u00e5 flytte. Det er montert sentrall\u00e5sing p\u00e5 dei to bakre hjula, medan dei fremste hjula har individuell l\u00e5sing, samt eventuell retningssperre p\u00e5 eitt av hjula.<\/mark><\/p>\n<\/div>\n\n\n\n<div class=\"wp-block-column is-layout-flow wp-block-column-is-layout-flow\">\n<figure class=\"wp-block-image size-large\"><img loading=\"lazy\" decoding=\"async\" width=\"1024\" height=\"683\" src=\"https:\/\/jostedal-industrier.no\/wp-content\/uploads\/2026\/04\/JI-5150-4-1024x683.png\" alt=\"\" class=\"wp-image-997\" srcset=\"https:\/\/jostedal-industrier.no\/wp-content\/uploads\/2026\/04\/JI-5150-4-1024x683.png 1024w, https:\/\/jostedal-industrier.no\/wp-content\/uploads\/2026\/04\/JI-5150-4-300x200.png 300w, https:\/\/jostedal-industrier.no\/wp-content\/uploads\/2026\/04\/JI-5150-4-768x512.png 768w, https:\/\/jostedal-industrier.no\/wp-content\/uploads\/2026\/04\/JI-5150-4.png 1350w\" sizes=\"auto, (max-width: 1024px) 100vw, 1024px\" \/><\/figure>\n<\/div>\n<\/div>\n\n\n\n<p><\/p>\n","protected":false},"excerpt":{"rendered":"<p>Operasjonsbordet er spesielt konstruert for bruk ved gynekologiske og urologiske operasjonar. Det som s\u00e6rmerkjer bordet, er at pasienten ligg i [&hellip;]<\/p>\n","protected":false},"author":7,"featured_media":0,"parent":0,"menu_order":0,"comment_status":"closed","ping_status":"closed","template":"","meta":{"footnotes":""},"class_list":["post-721","page","type-page","status-publish","hentry"],"_links":{"self":[{"href":"https:\/\/jostedal-industrier.no\/index.php?rest_route=\/wp\/v2\/pages\/721","targetHints":{"allow":["GET"]}}],"collection":[{"href":"https:\/\/jostedal-industrier.no\/index.php?rest_route=\/wp\/v2\/pages"}],"about":[{"href":"https:\/\/jostedal-industrier.no\/index.php?rest_route=\/wp\/v2\/types\/page"}],"author":[{"embeddable":true,"href":"https:\/\/jostedal-industrier.no\/index.php?rest_route=\/wp\/v2\/users\/7"}],"replies":[{"embeddable":true,"href":"https:\/\/jostedal-industrier.no\/index.php?rest_route=%2Fwp%2Fv2%2Fcomments&post=721"}],"version-history":[{"count":5,"href":"https:\/\/jostedal-industrier.no\/index.php?rest_route=\/wp\/v2\/pages\/721\/revisions"}],"predecessor-version":[{"id":1057,"href":"https:\/\/jostedal-industrier.no\/index.php?rest_route=\/wp\/v2\/pages\/721\/revisions\/1057"}],"wp:attachment":[{"href":"https:\/\/jostedal-industrier.no\/index.php?rest_route=%2Fwp%2Fv2%2Fmedia&parent=721"}],"curies":[{"name":"wp","href":"https:\/\/api.w.org\/{rel}","templated":true}]}}