{"id":754,"date":"2026-04-16T12:26:42","date_gmt":"2026-04-16T12:26:42","guid":{"rendered":"https:\/\/jostedal-industrier.no\/?page_id=754"},"modified":"2026-04-22T09:29:55","modified_gmt":"2026-04-22T09:29:55","slug":"ji-5500-operasjonsbord-for-oye","status":"publish","type":"page","link":"https:\/\/jostedal-industrier.no\/?page_id=754","title":{"rendered":"JI-5500 Operasjonsbord for \u00f8ye"},"content":{"rendered":"\n<div class=\"wp-block-columns is-layout-flex wp-container-core-columns-is-layout-9d6595d7 wp-block-columns-is-layout-flex\">\n<div class=\"wp-block-column is-layout-flow wp-block-column-is-layout-flow\">\n<p>Bordet er spesialkonstruert for bruk ved augeoperasjonar. Det er s\u00e6rs stabilt og blir drive elektrisk ved hjelp av eit 24 V batteri. Bordet er utforma med fotbrytar, og hovudenden har ei skr\u00e5 avskjering som gir god tilkomst for ein sitjande operat\u00f8r. Samstundes er det enkel tilgang til fotbrytaren for styring av bordet.<\/p>\n\n\n\n<p>Bordet kan justerast elektrisk i f\u00f8lgjande posisjonar:<\/p>\n\n\n\n<ul class=\"wp-block-list\">\n<li>Opp \/ ned<\/li>\n\n\n\n<li>Trendelenburg og anti-Trendelenburg<\/li>\n\n\n\n<li>Hovudst\u00f8tte opp \/ ned<\/li>\n\n\n\n<li>Nullstilling av bordet<\/li>\n\n\n\n<li>Program (minnefunksjon)<\/li>\n<\/ul>\n\n\n\n<p>Dette blir styrt ved hjelp av handkontroll. Bordet blir \u00f2g levert som standard med fastmontert fotbrytar for styring av opp\/ned og Trendelenburg\/anti-Trendelenburg.<\/p>\n\n\n\n<p>Bordet blir levert med store antistatiske hjul som gjer det enkelt \u00e5 flytte. Det er montert sentrall\u00e5sing p\u00e5 dei to bakre hjula og individuell l\u00e5sing p\u00e5 dei to fremste hjula.<\/p>\n<\/div>\n\n\n\n<div class=\"wp-block-column is-layout-flow wp-block-column-is-layout-flow\">\n<figure class=\"wp-block-image size-large\"><img loading=\"lazy\" decoding=\"async\" width=\"1024\" height=\"683\" src=\"https:\/\/jostedal-industrier.no\/wp-content\/uploads\/2026\/04\/JI-5500-1-1024x683.png\" alt=\"\" class=\"wp-image-910\" srcset=\"https:\/\/jostedal-industrier.no\/wp-content\/uploads\/2026\/04\/JI-5500-1-1024x683.png 1024w, https:\/\/jostedal-industrier.no\/wp-content\/uploads\/2026\/04\/JI-5500-1-300x200.png 300w, https:\/\/jostedal-industrier.no\/wp-content\/uploads\/2026\/04\/JI-5500-1-768x512.png 768w, https:\/\/jostedal-industrier.no\/wp-content\/uploads\/2026\/04\/JI-5500-1.png 1350w\" sizes=\"auto, (max-width: 1024px) 100vw, 1024px\" \/><\/figure>\n<\/div>\n<\/div>\n","protected":false},"excerpt":{"rendered":"<p>Bordet er spesialkonstruert for bruk ved augeoperasjonar. Det er s\u00e6rs stabilt og blir drive elektrisk ved hjelp av eit 24 [&hellip;]<\/p>\n","protected":false},"author":7,"featured_media":0,"parent":0,"menu_order":0,"comment_status":"closed","ping_status":"closed","template":"","meta":{"footnotes":""},"class_list":["post-754","page","type-page","status-publish","hentry"],"_links":{"self":[{"href":"https:\/\/jostedal-industrier.no\/index.php?rest_route=\/wp\/v2\/pages\/754","targetHints":{"allow":["GET"]}}],"collection":[{"href":"https:\/\/jostedal-industrier.no\/index.php?rest_route=\/wp\/v2\/pages"}],"about":[{"href":"https:\/\/jostedal-industrier.no\/index.php?rest_route=\/wp\/v2\/types\/page"}],"author":[{"embeddable":true,"href":"https:\/\/jostedal-industrier.no\/index.php?rest_route=\/wp\/v2\/users\/7"}],"replies":[{"embeddable":true,"href":"https:\/\/jostedal-industrier.no\/index.php?rest_route=%2Fwp%2Fv2%2Fcomments&post=754"}],"version-history":[{"count":2,"href":"https:\/\/jostedal-industrier.no\/index.php?rest_route=\/wp\/v2\/pages\/754\/revisions"}],"predecessor-version":[{"id":1042,"href":"https:\/\/jostedal-industrier.no\/index.php?rest_route=\/wp\/v2\/pages\/754\/revisions\/1042"}],"wp:attachment":[{"href":"https:\/\/jostedal-industrier.no\/index.php?rest_route=%2Fwp%2Fv2%2Fmedia&parent=754"}],"curies":[{"name":"wp","href":"https:\/\/api.w.org\/{rel}","templated":true}]}}